{"id":59,"date":"2017-10-26T13:16:16","date_gmt":"2017-10-26T13:16:16","guid":{"rendered":"http:\/\/www.pablo.ro\/teste\/gravura\/"},"modified":"2022-04-12T13:25:41","modified_gmt":"2022-04-12T13:25:41","slug":"gravura-routare","status":"publish","type":"page","link":"https:\/\/www.pablo.ro\/teste\/gravura-routare\/","title":{"rendered":"Gravur\u0103\/Router laser"},"content":{"rendered":"<p><span style=\"font-family: arial, helvetica, sans-serif; font-size: 12pt;\">Gravur\u0103 este procedeul de imprimare a unui desen pe o suprafa\u0163a dur\u0103 prin s\u0103parea repetat\u0103 de san\u021buri de mici dimensiuni pe un suport ce poate fi din material plastic, lemn, metal, sticl\u0103, cupru, alama etc. Aceasta metoda de inscriptionare executata cu ajutorul laserului se caracterizeaza prin inalta rezistenta la stergere si posibilitatea punerii imaginilor complicate pe orice suprafata si aproape pe orice forma. Plaja de produse care se pot realiza cu ajutorul gravurii este una foarte larga: de la placute de identificare la modele arhitecturale (machete), elemente de artizanat \u0219i cadouri: trofee, placi comemorative \u0219i diplome: se pot grava \u0219i marca o varietate mare de materiale \u0219i obiecte.<\/span><\/p>\n<p><span style=\"font-size: 12pt; font-family: arial, helvetica, sans-serif;\">Router-ul <b>CNC <\/b>este un utilaj care decupeaz\u0103, frezeaz\u0103, niveleaz\u0103 \u0219i graveaz\u0103 \u00een diferite tipuri de materiale, de la lemn \u0219i mase plastice, la metale sau derivate. Toate acestea se realizeaz\u0103 cu ajutorul unui soft care controleaz\u0103 mi\u0219c\u0103rile ruterului. Prin tehnologia de frezare asistat\u0103 de calculator putem realiza orice tip de form\u0103 ce se poate exprima geometric \u00een format 2D sau 3D.<\/span><\/p>\n<div id=\"themify_builder_content-59\" data-postid=\"59\" class=\"themify_builder_content themify_builder_content-59 themify_builder\">\n\n    \t\n\t\t<!-- module_row -->\n\t\t\t<div  class=\"themify_builder_row module_row clearfix module_row_0 themify_builder_59_row module_row_59-0\">\n\t\t\t\t                                <div class=\"row_inner \" >\n\n                                    \n\t\t<div  class=\"tb-column col-full first module_column tb_59_column module_column_0 module_column_59-0-0\" >\n                                                                <div class=\"tb-column-inner\">\n                            \n\n    <div class=\"themify_builder_slider_loader\"><\/div>\n    <div id=\"slider-59-0-0-0\" class=\"module module-slider slider-59-0-0-0 themify_builder_slider_wrap clearfix  slider-default  themify_builder_slider_vertical\">\n                <ul class=\"themify_builder_slider\"\n            data-id=\"slider-59-0-0-0\" \n            data-visible=\"1\" \n            data-scroll=\"1\" \n            data-auto-scroll=\"2\"\n            data-speed=\"1\"\n            data-wrap=\"no\"\n            data-arrow=\"yes\"\n            data-pagination=\"yes\"\n            data-effect=\"scroll\" \n            data-height=\"variable\" \n            data-pause-on-hover=\"false\"\n            >\n                    <!-- module slider image -->\n\n                    <li>\n            <div class=\"slide-inner-wrap\">\n                                    <div class=\"slide-image\">\n                                                                            <img loading=\"lazy\" decoding=\"async\" width=\"1024\" height=\"768\" src=\"https:\/\/www.pablo.ro\/teste\/wp-content\/uploads\/2022\/04\/Triofeu-site-pablo.jpg\" class=\" wp-post-image wp-image-5344\" alt=\"Triofeu site pablo\" srcset=\"https:\/\/www.pablo.ro\/teste\/wp-content\/uploads\/2022\/04\/Triofeu-site-pablo.jpg 1024w, https:\/\/www.pablo.ro\/teste\/wp-content\/uploads\/2022\/04\/Triofeu-site-pablo-300x225.jpg 300w, https:\/\/www.pablo.ro\/teste\/wp-content\/uploads\/2022\/04\/Triofeu-site-pablo-768x576.jpg 768w, https:\/\/www.pablo.ro\/teste\/wp-content\/uploads\/2022\/04\/Triofeu-site-pablo-155x116.jpg 155w\" sizes=\"(max-width: 1024px) 100vw, 1024px\" \/>                                            <\/div><!-- \/slide-image -->\n                \n                            <\/div>\n        <\/li>\n                    <li>\n            <div class=\"slide-inner-wrap\">\n                                    <div class=\"slide-image\">\n                                                                            <img loading=\"lazy\" decoding=\"async\" width=\"1024\" height=\"768\" src=\"https:\/\/www.pablo.ro\/teste\/wp-content\/uploads\/2021\/11\/pix-gravura.jpg\" class=\" wp-post-image wp-image-5045\" alt=\"pix gravura\" srcset=\"https:\/\/www.pablo.ro\/teste\/wp-content\/uploads\/2021\/11\/pix-gravura.jpg 1024w, https:\/\/www.pablo.ro\/teste\/wp-content\/uploads\/2021\/11\/pix-gravura-300x225.jpg 300w, https:\/\/www.pablo.ro\/teste\/wp-content\/uploads\/2021\/11\/pix-gravura-768x576.jpg 768w, https:\/\/www.pablo.ro\/teste\/wp-content\/uploads\/2021\/11\/pix-gravura-155x116.jpg 155w\" sizes=\"(max-width: 1024px) 100vw, 1024px\" \/>                                            <\/div><!-- \/slide-image -->\n                \n                            <\/div>\n        <\/li>\n                    <li>\n            <div class=\"slide-inner-wrap\">\n                                    <div class=\"slide-image\">\n                                                                            <img loading=\"lazy\" decoding=\"async\" width=\"1024\" height=\"768\" src=\"https:\/\/www.pablo.ro\/teste\/wp-content\/uploads\/2021\/11\/2-2.jpg\" class=\" wp-post-image wp-image-5159\" alt=\"2\" srcset=\"https:\/\/www.pablo.ro\/teste\/wp-content\/uploads\/2021\/11\/2-2.jpg 1024w, https:\/\/www.pablo.ro\/teste\/wp-content\/uploads\/2021\/11\/2-2-300x225.jpg 300w, https:\/\/www.pablo.ro\/teste\/wp-content\/uploads\/2021\/11\/2-2-768x576.jpg 768w, https:\/\/www.pablo.ro\/teste\/wp-content\/uploads\/2021\/11\/2-2-155x116.jpg 155w\" sizes=\"(max-width: 1024px) 100vw, 1024px\" \/>                                            <\/div><!-- \/slide-image -->\n                \n                            <\/div>\n        <\/li>\n                    <li>\n            <div class=\"slide-inner-wrap\">\n                                    <div class=\"slide-image\">\n                                                                            <img loading=\"lazy\" decoding=\"async\" width=\"1024\" height=\"768\" src=\"https:\/\/www.pablo.ro\/teste\/wp-content\/uploads\/2021\/11\/Gravura.jpg\" class=\" wp-post-image wp-image-5144\" alt=\"Gravura\" srcset=\"https:\/\/www.pablo.ro\/teste\/wp-content\/uploads\/2021\/11\/Gravura.jpg 1024w, https:\/\/www.pablo.ro\/teste\/wp-content\/uploads\/2021\/11\/Gravura-300x225.jpg 300w, https:\/\/www.pablo.ro\/teste\/wp-content\/uploads\/2021\/11\/Gravura-768x576.jpg 768w, https:\/\/www.pablo.ro\/teste\/wp-content\/uploads\/2021\/11\/Gravura-155x116.jpg 155w\" sizes=\"(max-width: 1024px) 100vw, 1024px\" \/>                                            <\/div><!-- \/slide-image -->\n                \n                            <\/div>\n        <\/li>\n                    <li>\n            <div class=\"slide-inner-wrap\">\n                                    <div class=\"slide-image\">\n                                                                            <img loading=\"lazy\" decoding=\"async\" width=\"2560\" height=\"1709\" src=\"https:\/\/www.pablo.ro\/teste\/wp-content\/uploads\/2021\/03\/MG_6609-scaled.jpg\" class=\" wp-post-image wp-image-4122\" alt=\"_MG_6609\" srcset=\"https:\/\/www.pablo.ro\/teste\/wp-content\/uploads\/2021\/03\/MG_6609-scaled.jpg 2560w, https:\/\/www.pablo.ro\/teste\/wp-content\/uploads\/2021\/03\/MG_6609-300x200.jpg 300w, https:\/\/www.pablo.ro\/teste\/wp-content\/uploads\/2021\/03\/MG_6609-1024x684.jpg 1024w, https:\/\/www.pablo.ro\/teste\/wp-content\/uploads\/2021\/03\/MG_6609-768x513.jpg 768w, https:\/\/www.pablo.ro\/teste\/wp-content\/uploads\/2021\/03\/MG_6609-1536x1025.jpg 1536w, https:\/\/www.pablo.ro\/teste\/wp-content\/uploads\/2021\/03\/MG_6609-2048x1367.jpg 2048w, https:\/\/www.pablo.ro\/teste\/wp-content\/uploads\/2021\/03\/MG_6609-174x116.jpg 174w\" sizes=\"(max-width: 2560px) 100vw, 2560px\" \/>                                            <\/div><!-- \/slide-image -->\n                \n                            <\/div>\n        <\/li>\n                    <li>\n            <div class=\"slide-inner-wrap\">\n                                    <div class=\"slide-image\">\n                                                                            <img loading=\"lazy\" decoding=\"async\" width=\"2500\" height=\"1660\" src=\"https:\/\/www.pablo.ro\/teste\/wp-content\/uploads\/2020\/10\/DSC_0049-min.jpg\" class=\" wp-post-image wp-image-3057\" alt=\"DSC_0049-min\" srcset=\"https:\/\/www.pablo.ro\/teste\/wp-content\/uploads\/2020\/10\/DSC_0049-min.jpg 2500w, https:\/\/www.pablo.ro\/teste\/wp-content\/uploads\/2020\/10\/DSC_0049-min-300x199.jpg 300w, https:\/\/www.pablo.ro\/teste\/wp-content\/uploads\/2020\/10\/DSC_0049-min-1024x680.jpg 1024w, https:\/\/www.pablo.ro\/teste\/wp-content\/uploads\/2020\/10\/DSC_0049-min-768x510.jpg 768w, https:\/\/www.pablo.ro\/teste\/wp-content\/uploads\/2020\/10\/DSC_0049-min-1536x1020.jpg 1536w, https:\/\/www.pablo.ro\/teste\/wp-content\/uploads\/2020\/10\/DSC_0049-min-2048x1360.jpg 2048w, https:\/\/www.pablo.ro\/teste\/wp-content\/uploads\/2020\/10\/DSC_0049-min-1024x680-301x200.jpg 301w\" sizes=\"(max-width: 2500px) 100vw, 2500px\" \/>                                            <\/div><!-- \/slide-image -->\n                \n                            <\/div>\n        <\/li>\n                    <li>\n            <div class=\"slide-inner-wrap\">\n                                    <div class=\"slide-image\">\n                                                                            <img loading=\"lazy\" decoding=\"async\" width=\"1024\" height=\"768\" src=\"https:\/\/www.pablo.ro\/teste\/wp-content\/uploads\/2021\/11\/1-4.jpg\" class=\" wp-post-image wp-image-5161\" alt=\"1\" srcset=\"https:\/\/www.pablo.ro\/teste\/wp-content\/uploads\/2021\/11\/1-4.jpg 1024w, https:\/\/www.pablo.ro\/teste\/wp-content\/uploads\/2021\/11\/1-4-300x225.jpg 300w, https:\/\/www.pablo.ro\/teste\/wp-content\/uploads\/2021\/11\/1-4-768x576.jpg 768w, https:\/\/www.pablo.ro\/teste\/wp-content\/uploads\/2021\/11\/1-4-155x116.jpg 155w\" sizes=\"(max-width: 1024px) 100vw, 1024px\" \/>                                            <\/div><!-- \/slide-image -->\n                \n                            <\/div>\n        <\/li>\n            <\/ul>\n    <\/div>\n        \n                        <\/div>\n                    \t\t<\/div>\n\t\t<!-- \/.tb-column -->\n\t\t\n\t\t\n                                <\/div>\n                                <!-- \/row_inner -->\n                        <\/div>\n                        <!-- \/module_row -->\n\t\t<\/div>\n","protected":false},"excerpt":{"rendered":"<p>Gravur\u0103 este procedeul de imprimare a unui desen pe o suprafa\u0163a dur\u0103 prin s\u0103parea repetat\u0103 de san\u021buri de mici dimensiuni pe un suport ce poate fi din material plastic, lemn, metal, sticl\u0103, cupru, alama etc. Aceasta metoda de inscriptionare executata cu ajutorul laserului se caracterizeaza prin inalta rezistenta la stergere si posibilitatea punerii imaginilor complicate [&hellip;]<\/p>\n","protected":false},"author":1,"featured_media":0,"parent":0,"menu_order":0,"comment_status":"closed","ping_status":"closed","template":"","meta":{"footnotes":""},"_links":{"self":[{"href":"https:\/\/www.pablo.ro\/teste\/wp-json\/wp\/v2\/pages\/59"}],"collection":[{"href":"https:\/\/www.pablo.ro\/teste\/wp-json\/wp\/v2\/pages"}],"about":[{"href":"https:\/\/www.pablo.ro\/teste\/wp-json\/wp\/v2\/types\/page"}],"author":[{"embeddable":true,"href":"https:\/\/www.pablo.ro\/teste\/wp-json\/wp\/v2\/users\/1"}],"replies":[{"embeddable":true,"href":"https:\/\/www.pablo.ro\/teste\/wp-json\/wp\/v2\/comments?post=59"}],"version-history":[{"count":83,"href":"https:\/\/www.pablo.ro\/teste\/wp-json\/wp\/v2\/pages\/59\/revisions"}],"predecessor-version":[{"id":5346,"href":"https:\/\/www.pablo.ro\/teste\/wp-json\/wp\/v2\/pages\/59\/revisions\/5346"}],"wp:attachment":[{"href":"https:\/\/www.pablo.ro\/teste\/wp-json\/wp\/v2\/media?parent=59"}],"curies":[{"name":"wp","href":"https:\/\/api.w.org\/{rel}","templated":true}]}}